60 - -1051. Give t(m).
-7
Let j(v) = v**3 + 7*v**2 - 7*v + 2. Let p be -685 - -697 - 38/2. What is j(p)?
51
Let x(l) = -l**3 - 6*l**2 + 1. Suppose -141 = -5*a - 56. Suppose -a*z + 96 = -33*z. Determine x(z).
1
Suppose 14 = m - 2*z + 2, -m - 3*z = 8. Let r(v) = -30 + 3*v - m*v**2 + 29 - v. Let j = -3 + 1. Determine r(j).
-21
Let x(z) = z + 1. Let y(d) = 7*d + 3. Suppose -h = -2*h + 5. Suppose 6*s - 2*s = 0, -4*a = h*s + 24. Let f(g) = a*x(g) + y(g). Calculate f(4).
1
Let o(x) = -x**2 - x + 20. Let s = 6515 - 6515. Calculate o(s).
20
Let f(l) = 7 + 6*l + l**2 - 7 + 0*l. Let h be f(-3). Let b be (h/(-6))/((-12)/(-8)). Let y(o) = 4*o. Determine y(b).
4
Let x(f) = -f**3 + 6*f**2 + 6*f - 9. Let b = -2964 - -2969. Give x(b).
46
Let n(c) = c**3 - 16*c**2 - 16*c. Let s(w) = 3*w**3 - 35*w**2 - 32*w. Let k(u) = 5*n(u) - 2*s(u). What is k(-8)?
0
Let v = -163 - -223. Suppose -v = -16*q + 20*q. Let x(o) = -o**3 - 15*o**2 + o + 11. Give x(q).
-4
Let v(k) = -166*k - 9. Let j(y) = 389*y + 18. Let g(c) = -3*j(c) - 7*v(c). Determine g(3).
-6
Let t(a) = -5*a + 167. Let u be t(32). Let b(g) = -12*g**2 + 23*g - 60. Let j(o) = -5*o**2 + 11*o - 29. Let k(z) = u*j(z) - 3*b(z). Calculate k(-10).
-3
Let p(i) = 11*i**3 - 4*i**2 - 6*i**3 - 6*i**3 + 4. Let d(q) = -q**3 + 5*q**2 - 2*q - 3. Let f be d(4). Suppose -b - 16 = f*y, 3*b = -4*y + y - 12. What is p(y)?
-5
Let i = -14830 - -14833. Let w(u) = 8*u. Let q(k) = 15*k - 1. Let a(m) = -3*q(m) + 5*w(m). What is a(i)?
-12
Let n(w) = -w**3 + 5*w**2 + 5*w + 5. Suppose -7*t - 6 = -6*t + 2*u, t - 3*u - 24 = 0. Determine n(t).
-1
Suppose a = 3*a + 270 - 280. Let f(c) = -5*c + 6. What is f(a)?
-19
Let z(i) = i**3 - 21*i**2 - 48*i + 16. Suppose 4*b - 11 = -q, 57*q + 2*b = 52*q + 109. Give z(q).
-30
Let t(c) = c**3 + 3*c**2 - 2*c + 2. Let z be t(-3). Suppose -z = 7*b - 3*b + 2*i, 3 = -b - i. Let p(u) = 5*u**2 - 2 - 11*u + 12*u + 2. Calculate p(b).
4
Let d = 65 + -32. Let s = d + -27. Let v(p) = 5*p**3 + 5*p**2 - 4*p + 5. Let z(j) = -6*j**3 - 6*j**2 + 5*j - 6. Let f(t) = s*z(t) + 7*v(t). Determine f(1).
-1
Let t(l) = 4*l**3 - 2*l**2 - 5*l - 37. Let c(a) = -7*a**3 + 3*a**2 + 9*a + 68. Let p(h) = 6*c(h) + 11*t(h). Determine p(3).
16
Let g(c) = 2*c - 9. Let i(k) = 4*k**3 - k**2 - k + 1. Let s be i(2). Suppose -36 = -33*p + s*p. Suppose -p*h + h + 35 = 0. Give g(h).
5
Let q = -2483 + 2480. Let t(d) = -d**3 + d**2 - 3*d - 4. Determine t(q).
41
Let f(s) = 6*s - 42. Let v be ((1120/(-16))/(-7))/((-4)/(-2)). Calculate f(v).
-12
Let w(a) = a**2 - 8*a + 10. Let r(z) = -6*z**3 + 35*z**2 + 11*z - 23. Let n be r(6). Determine w(n).
3
Suppose 0 = -14*z - 4*z + 18. Suppose -7*s + 1 = -8*s + 4*b, 0 = 2*s - 5*b - z. Let o(m) be the first derivative of -m**3/3 + m**2 + 4*m + 6. Give o(s).
1
Let l(s) = -s**3 - 18*s**2 + 2*s + 44. Let r be l(-18). Let u(v) = -5381*v + 5 + r + 5382*v. Determine u(-14).
-1
Let n = -5 - -10. Suppose -n*d + 4 = -46. Let g(w) be the first derivative of -w**2 + 12*w + 1082. What is g(d)?
-8
Let g(b) be the third derivative of -b**5/60 - b**4/3 - 5*b**3/6 + 4*b**2 - 4. Suppose 4*k - 6*k + 2*d = 8, 4*d = -3*k - 40. Determine g(k).
-5
Let c(p) = p**3 + 28*p**2 + 1 - 42*p**2 + 18*p**2 - 5*p + 4*p + 3*p. Give c(-5).
-34
Suppose 5*n + 0*c = -2*c - 31, 4*n + 17 = c. Let i(x) = x**3 + 5*x**2 - 2*x. Determine i(n).
10
Suppose -2 = 3*q + 10*p, -4*q - 3*p + 1 + 17 = 0. Let g(y) = 11*y - 62. Determine g(q).
4
Suppose -j = -6*j + 60. Suppose -2*g + j = 2. Let i(s) = -g + s + 15 - 1. Give i(-5).
4
Let c(d) = -365*d + 369*d - 2*d**2 + 3*d**2. Let n be (2 + 1 - 6)/(-1). Suppose -3*s = n*s + 24. Give c(s).
0
Let y(j) = -2*j**2 + 11*j + 50. Let p be y(8). Let o(a) = p + 15 + a - 2*a**2 + 16 - 40 + 17*a**2. Give o(-1).
15
Let o(h) = 3*h + 252. Let t(v) = -7*v - 725. Let a(b) = -17*o(b) - 6*t(b). Determine a(12).
-42
Let g(p) = 5*p**2 + 38*p + 81. Let j(v) = 14*v**2 + 113*v + 236. Let h(u) = -11*g(u) + 4*j(u). Give h(-32).
-11
Suppose 0*i - 6*i = 3*h - 21, -26 = -i + 4*h. Let c(k) = 12*k - 72. Determine c(i).
0
Let r(z) = z**3 - 11*z**2 + 6*z - 76. Suppose 29 = -c + 5*l, -499*c + 3*l - 46 = -501*c. Determine r(c).
-10
Let x(k) be the second derivative of -5/6*k**3 - 10 + 4*k - 1/12*k**4 - 3/2*k**2. Calculate x(-3).
3
Let b(m) = -12*m - 102. Let z be b(-8). Let s be z/16 - ((-425)/(-40) + -6). Let p(i) = -i**2 - 2*i + 2. Calculate p(s).
-13
Let q(n) = 4 + 2*n + 3*n - 5 - n**2. Let j be ((-18)/8)/((-45)/480). Suppose -11*v - j = -90. Calculate q(v).
-7
Let k be (-40)/24 - (-44)/12. Let w(s) = -40*s**2 + 87*s**2 - 48*s**2 + k*s - 1. What is w(4)?
-9
Let b be 1284/8*(-4)/(-6). Let r(u) = 2*u - 59 - 50 + b. Give r(1).
0
Let n(y) = 5*y - 190. Suppose -70 = -2*m - 6*b, -85 = -2*m - 3*b - 18. What is n(m)?
-30
Let v(x) = x**3 - 7*x**2 - 7*x - 9. Suppose -6*c + 3*c + 9 = 3*k, 5*k = -2*c + 27. Suppose 25 + 31 = k*g. Give v(g).
-1
Let s(c) = c**2 - c - 1. Let z = -246 - -225. Let y(i) = -i**3 - 22*i**2 - 19*i + 40. Let d be y(z). Calculate s(d).
5
Let i(u) = u**2 - 9*u - 13. Let r be -5*2*180/(-150). Let d = -2 + r. Give i(d).
-3
Let q(i) be the second derivative of -i**3/6 + 21*i**2/2 - 5092*i - 2. Determine q(7).
14
Let p(u) = -3*u**2 + 32*u + 20. Let l(c) = 2*c**2 - 79*c - 1554. Let j be l(54). What is p(j)?
-28
Let n(i) = -i**2 + 4*i + 4. Let f(s) = -2*s**2 - s - 2. Let c(v) = -f(v) + n(v). Calculate c(-6).
12
Let c(d) = 67*d - 265. Let n be c(4). Let t(g) = -g**3 + g**2 + 2*g + 10. What is t(n)?
-2
Let l be ((-30)/(-40))/(2/8). Let d(h) = 2 + 2*h - 3*h**2 + l - 10. Let n be d(0). Let r(m) = m**3 + 6*m**2 + 7*m + 3. Determine r(n).
-7
Let v(a) be the first derivative of 5 + 0*a - 8/3*a**3 + a**2. What is v(-2)?
-36
Let w = -257 + 260. Suppose 0 = -n - w*j + 10, j + 0*j = -5*n + 36. Let r(d) = d - 2. Determine r(n).
5
Let q(o) be the second derivative of -o**3/3 - 15*o**2 + 354*o - 3. Calculate q(-8).
-14
Let d(i) = 46*i**3 - 21*i**2 + 20*i - 8. Let g(u) = 93*u**3 - 47*u**2 + 45*u - 18. Let x(t) = 9*d(t) - 4*g(t). Let v be (-7)/(-5) + (-8)/20. Calculate x(v).
41
Let n(m) = 7*m - 112. Let o be n(16). Let d(v) = v**3 - 2*v**3 - 1 + 7*v + 3*v**3 + o*v**2 - 3*v**3 + 2*v**2. What is d(4)?
-5
Let i(h) = 10*h**2 + 2. Let g(t) = t**3 - 5*t**2 + 10*t - 3. Let v be g(4). Let k(c) = -98*c**2 - 21. Let n(f) = v*i(f) + 2*k(f). Determine n(1).
14
Let t = -12598 + 12596. Let i(m) = 19*m**3 + m**2 + 2*m + 8. Calculate i(t).
-144
Let v be (-14 + 7 - -13) + 0 + -4. Let o(g) = -11*g + 22. Determine o(v).
0
Suppose -48*v - 114 = -47*v. Let f = 117 + v. Let k(m) = -f*m - 2 + 4 - m - m**2 + m. Determine k(2).
-8
Let h(q) be the first derivative of 66 - 7/3*q**3 + 1/2*q**2 + 7*q - 1/4*q**4. Determine h(-7).
0
Let d(a) = 29*a**2 - a**3 + 1 - 32*a**2 - 7*a**3 - 2*a**3 + 13*a**3 - 2*a. Give d(-2).
-31
Let i(o) = 4*o**2 - 13*o - 8. Suppose -17*m - l + 1 = -19*m, -4*l = -2*m - 10. Let g(x) = -x**2 + 2. Let b(a) = m*i(a) + 3*g(a). Give b(13).
-2
Let s(d) = d + 8. Let h be s(-6). Let y(w) = -20*w**2 - 11*w + 11. Let q(p) = -7*p**2 - 4*p + 4. Let x(z) = -11*q(z) + 4*y(z). Calculate x(h).
-12
Suppose -21 = -5*w + 2*w. Let i(c) = c**3 + c**2 - 8*c - 5. Let m be i(-3). Suppose -m = -2*g + w. Let v(j) = j**3 - 4*j**2 + 3*j. Determine v(g).
12
Let o(n) = n**2 - 14*n - 27. Let k be o(16). Suppose -9*s = -4*s - 5*j + k, 0 = 3*s - j - 1. Let w(d) = -8*d**3 - d**2 + 1. Determine w(s).
-8
Let t(g) = 6*g**2 + 17*g - 1. Let f be (-6)/(-5)*(-20)/8. Let h be t(f). Let w(v) = h*v**3 - 4*v**2 + 3 - v**3 + 57*v - 54*v. Give w(3).
3
Let y(h) = h**2 - 5*h - 3. Suppose 4*b - 2*w - 54 = 0, -5 = -b + w + 8. Let k(l) = -5*l + 3*l + 16 + 3*l + b. Let q be k(-25). What is y(q)?
-3
Let g(q) = q**3 + 5*q**2 + 1. Let v(b) = -b**3 - 8*b**2 - 7*b + 25. Suppose 10*y = -28 - 32. Let o be v(y). Give g(o).
1
Let f(h) = h**3 - 3*h**2 - 3*h + 4. Let c(t) = -913*t - 3*t**2 + 0*t**2 + 911*t + 9. Let d be c(0). Let j be -6 + d + -1 + 2. Calculate f(j).
8
Let j(z) = 11*z**2 - 3*z - 3. Suppose 32*w - 16 = 28*w. Let c(v) = -13*v**2 + 8*v - 20*v**2 + 23 - 15. Let y(f) = w*c(f) + 11*j(f). Give y(-1).
-11
Let i(g) be the third derivative of -g**4/24 - 15*g**3/2 + 1234*g**2. Calculate i(-16).
-29
Let u = -1014 - -1019. Let p(z) be the second derivative of -z**5/20 + z**4/2 - 2*z**3/3 - 3*z**2 - 4*z. Determine p(u).
-1
Let b